st the prime factors of 1/(-4*(-5)/b).
17
Let w(u) = -3579*u - 616. What are the prime factors of w(-7)?
7, 3491
Suppose -15*z - 2*a - 7010 = -12*z, 2*a = 2*z + 4680. List the prime factors of (-36)/(-180) + z/(-10).
2, 3, 13
Suppose -61*o - 4782 = -64*o. What are the prime factors of o?
2, 797
Suppose 8*s - 14 = 18. Let x be ((-36)/s)/3*390/(-9). Suppose 0 = -5*u - 4*k + 599, u + 16 = 5*k + x. What are the prime factors of u?
7, 17
Suppose -5*w + 4*m + 318705 = 0, 19*w - 4*m - 63725 = 18*w. What are the prime factors of w?
5, 11, 19, 61
Let d(u) = -u**3 + 8*u**2 + 18*u - 19. Let x be 14/42 - (-190)/6. Suppose -27*s = -31*s + x. What are the prime factors of d(s)?
5
Suppose 6 = 3*g - 9. Let a(w) = w**3 - 9*w**2 - 8*w - 29. Let r be a(13). Suppose 3*p - 12 = 0, -g*q + 257 = -5*p - r. List the prime factors of q.
2, 41
Let f be (-4)/(-2)*(-2 - -3). Let n be f/(-3) - 66/(-18). Suppose 0 = -5*s - n*o + 71, -5*s = -o + 3*o - 74. What are the prime factors of s?
2
Let w(z) = 3*z + 3. Let p be w(1). Suppose p*k = 2*k + 156. Suppose k*h - 760 = 34*h. What are the prime factors of h?
2, 19
List the prime factors of -3907*9/(-20 - -11).
3907
Let y(p) = 5737*p**2 + 2*p - 2. List the prime factors of y(-2).
2, 11471
Let i be (-44)/6*11/((-22)/6). Suppose 1262 = i*b - 2368. What are the prime factors of b?
3, 5, 11
Let n(t) = -t**3 - 21*t**2 - 21*t - 65. What are the prime factors of n(-27)?
2, 23, 53
Let n be (-12)/4 - 1*-122. Suppose 4*v + 4*g - 1352 = 3*g, -2*v + 670 = -g. Suppose n = w + 3*b, -w + 4*w - v = -4*b. What are the prime factors of w?
107
Let k be (-119645)/(-35) + (-68)/(-119). Suppose -k = -2*i - 3*v, 2*v + 3*v + 8610 = 5*i. List the prime factors of i.
17, 101
List the prime factors of 4457065/254 - 3/6.
3, 5849
Let i be (1/(-1))/(-1) - (-32 + -1). Suppose -2*l + i = -2*g - 2*g, 2*l - 40 = 5*g. Let n(h) = -h**2 - 7*h + 2. What are the prime factors of n(g)?
2
What are the prime factors of 47255/6 - 7/(-24 - 18)?
2, 11, 179
Let v(y) = 10*y - 35. Let z be -1 + -3 + 4 + (1 - 0). Let k(h) = -h + 1. Let o(r) = z*v(r) + k(r). What are the prime factors of o(13)?
83
Let w(m) = -26*m**2 + 1973*m - 70. List the prime factors of w(75).
5, 331
Suppose 0*o = -2*o + 3*u + 26, -o + 13 = 3*u. Let q(v) = 12 + v**2 + 19 + o. List the prime factors of q(11).
3, 5, 11
Let i(r) = -163*r - 79. List the prime factors of i(-34).
3, 607
Let u = -14657 - -21772. What are the prime factors of u?
5, 1423
Let o be 1*4/(-3)*108/(-18). Let v(b) = -2*b + 5*b**3 - 6 + 6*b - 3*b**3 + o*b**2 - 3*b**3. List the prime factors of v(5).
89
Let x = 159 + -158. What are the prime factors of 3261/33 + x + (-18)/(-99)?
2, 5
Let m(g) = 10276*g - 9184. What are the prime factors of m(5)?
2, 7, 11, 137
Let i(v) = -8*v + 32. Let a be i(3). List the prime factors of ((-119)/4)/(a/(-32)).
7, 17
Let n = 16 - 10. Suppose -n = 2*o, 5*o + 12 + 23 = 5*w. Suppose w*h + 0*h - 376 = 0. List the prime factors of h.
2, 47
Let q(s) = 2*s**2 + 12*s - 27. Let p(x) = 4*x + 18. Let c be p(-8). Let v(m) = 2*m**2 + 30*m + 13. Let h be v(c). List the prime factors of q(h).
3
Let r(w) = 8*w + 57. Let a be r(-6). Suppose -a = 2*d + 91. List the prime factors of d*((-88)/20 - 0).
2, 5, 11
Suppose -25 = -247*j + 242*j. Suppose -3*i + 3*o = 2*i - 1, -o - 1 = -2*i. Suppose j*m - 13 = i. List the prime factors of m.
3
Let a(g) = -2*g**2 - 4*g - 97. Let r(d) = 3*d**2 + 4*d + 96. Let m(q) = 4*a(q) + 3*r(q). Let b be m(0). List the prime factors of ((-216)/120)/(6/b).
2, 3, 5
Let r(a) = -7*a**3 - a**2 + 3*a + 6. Let z be r(3). Suppose 0*q = q + 125. Let i = q - z. What are the prime factors of i?
2, 29
Suppose 2*b - 2*g = 53834 - 1910, -5*b = 3*g - 129786. What are the prime factors of b?
3, 17, 509
Suppose r + 5*p + 1 = 21, 5 = -5*r - 4*p. What are the prime factors of 96 + (r - -7)/(4/10)?
101
Suppose 5*n = -17*n + 141438. List the prime factors of n.
3, 2143
Let t be (2/3)/((-10)/(-75)). Let v be -6*t/(45/(-6)). What are the prime factors of (-2)/4*(-6*17 - v)?
53
Let f be 58/116 - 3570/(-4). Let y = f + -492. List the prime factors of y.
401
Suppose -46325 = -66*b - 69*b + 87055. List the prime factors of b.
2, 13, 19
Let d(s) = -20*s**3 - 6*s**2 - 10*s - 4. Let f be d(-4). Let u be (-2)/(5/(f/8)). Let l = -30 - u. What are the prime factors of l?
31
Let k(n) = 4*n**2 + 5*n + 1. Let h be k(-2). Suppose 3927 = h*j + 14*j. What are the prime factors of j?
11, 17
Suppose -3*s - 3*n - 2631 = 0, 5*n = -2*s + n - 1762. List the prime factors of 88/33*s/(-6).
2, 97
Let i(a) = -13*a**2 - 23*a + 45. Let d(m) = 3*m**2 + 6*m - 11. Let h(r) = 9*d(r) + 2*i(r). Let n be h(-18). Let v = n + 43. List the prime factors of v.
2, 107
Let p(m) = m**3 - 4*m**2 + 5*m - 20. Let i be p(4). Let u(l) = 7*l + 287. List the prime factors of u(i).
7, 41
Suppose 0 = 3*m - 4*o - 44095, -3*m - 3*o + 19949 = -24118. What are the prime factors of m?
7, 2099
Let z(y) = 484*y**2 - y + 3. Let s be z(2). Suppose 21*m - 1129 = s. What are the prime factors of m?
2, 73
Let o be (6*(-1)/(-8))/((-4)/1424). Let d = 372 + o. List the prime factors of d.
3, 5, 7
Let g = 66 + -78. What are the prime factors of 4/(-3)*711/g?
79
Let k(c) = 2*c**2 + 13*c + 7. Let l be k(-8). Suppose -2*b - 41 = -2*a - 135, -5*b = -a - l. Let u = 85 + a. List the prime factors of u.
2, 17
Suppose 46*o = 38*o + 26272. What are the prime factors of o?
2, 821
Let y = -7662 + 11085. List the prime factors of y.
3, 7, 163
Suppose -53 - 1 = -9*n. Suppose -4609 = -n*z - 1549. What are the prime factors of z?
2, 3, 5, 17
Suppose 5*a + 17 = -2*r, -4*a = -3*r - r - 20. Let m be ((-90)/40)/(r/16). Suppose 88 - 268 = -m*j. What are the prime factors of j?
2, 3, 5
Let d be (-18)/(-54) - 10/(-6). Suppose -4*y + 26 = -d*y. Let x(p) = -p**3 + 13*p**2 + 7*p - 11. List the prime factors of x(y).
2, 5
Let z = 93 - 96. Let j be z + 0 - -1*30/2. Let l(h) = 4*h**2 - 24*h - 15. List the prime factors of l(j).
3, 7, 13
Suppose 0 = -4*r - 3*a + 5777, -4*a + 247 = -2*r + 3119. List the prime factors of r.
2, 7, 103
Let t(a) = -a**3 + 26. Let q = 53 - 53. Let m be t(q). Suppose -m*b + 21*b + 15 = 0. What are the prime factors of b?
3
Let q(d) = -129*d**3 + 18*d - 82. What are the prime factors of q(-5)?
7, 43, 53
Suppose 2*j - 4*n = -30, -j - 8 = -n + 5. Suppose 4*o - 90 = 162. Let w = j + o. What are the prime factors of w?
2, 13
Let o(w) = 5*w + 453*w**2 - 216*w**2 - 18 - 220*w**2. List the prime factors of o(-6).
2, 3, 47
Let s(y) be the first derivative of y**4/4 - 2*y**3/3 + 5*y**2/2 - 10*y + 162. Let p = 7 - 2. What are the prime factors of s(p)?
2, 3, 5
Let h(z) = 4*z**2 + 77*z - 6 + 2*z**2 - 71*z + 0*z**2. Suppose 5*l - 16 = l. What are the prime factors of h(l)?
2, 3, 19
Let i be 2/(-4)*1910/5. Suppose 10*q = 9*q + 355. Let g = q + i. List the prime factors of g.
2, 41
Let u = -573 - -540. What are the prime factors of (-45)/6*(-11)/(u/(-538))?
5, 269
Let f be 21/(-4) + 4/16. Let o be 6/(-10) - 18/f. List the prime factors of o*1/18 + 2732/24.
2, 3, 19
Let g(b) = 2*b**2 + 2*b + 8. Suppose -56 = 3*u + 5*u. Let s be g(u). Let i = 173 - s. List the prime factors of i.
3
Let i(w) be the first derivative of 2*w**3/3 - 27*w**2 + 101*w + 193. List the prime factors of i(40).
7, 163
Let t be 8/4 + 4 - (4 - 17). Suppose -34*m + t*m = -6270. What are the prime factors of m?
2, 11, 19
Let c(m) = -51*m + 525. List the prime factors of c(-5).
2, 3, 5, 13
Let k = 50885 - 35425. List the prime factors of k.
2, 5, 773
Suppose 11*s = 64 - 240. Let x = 12 + s. List the prime factors of (6/x)/(-1 + 33/42).
7
Suppose 1038*s = 1040*s - 8. Suppose 3*v = -2*v + 9500. Suppose 14*m - s*m - v = 0. List the prime factors of m.
2, 5, 19
Suppose 3*y - 1 = 2*x + 2, -3*x = 5*y - 5. Let h(g) = 3*g + 2*g**3 + y - 9*g**2 - g + 4*g - 4*g. List the prime factors of h(6).
11
Let l = 48 + -46. Suppose -l*s = -z - 6, -z = 5*s + 2 - 10. Suppose 0 = s*k - 0*a + 3*a - 251, 2*a = 6. What are the prime factors of k?
11
Let p(i) = 3*i**3 + 49*i**2 - 39*i - 65. Let h(g) = -4*g**3 - 73*g**2 + 59*g + 97. Let u = -7 + 14. Let k(t) = u*p(t) + 5*h(t). List the prime factors of k(21).
3, 17
Suppose -18 = -3*s - 3*s. Suppose 0*z - 1293 = -s*z. What are the prime factors of z?
431
Let y = -8523 + 11946. What are the prime factors of y?
3, 7